**2 - 4*w - 1. Determine b(l).
4
Let y(d) = 3*d**2 + 151*d - 587. Let o be y(-54). Let u(x) = -x**3 + 8*x**2 - 5*x - 14. What is u(o)?
0
Let q(h) = -5*h**2 + 2*h + 2. Let k(g) = -52*g - 835. Let s be k(-16). Calculate q(s).
-49
Let j(c) = -c**3 - 16*c**2 - 10*c - 62. Let w(y) = -3*y**3 - 50*y**2 - 30*y - 210. Let p(i) = -7*j(i) + 2*w(i). Calculate p(-11).
25
Let i(j) = 42427 + 2*j - 42431 - 8*j**2 - 5*j + j**3. Let f(t) = 2*t + 2. Let o be f(3). Give i(o).
-28
Suppose h - 4*s = 4*h - 17, 4*s = 8. Let i = h - -3. Suppose 12*o = 8*o + i*o. Let a(k) = k**2 - k + 15. Give a(o).
15
Suppose 5*q = 3*o - 159, -3*o - 9*q + 6*q + 135 = 0. Let y be (12/(-16))/(2*(-9)/o). Let l(z) = 2*z**2 - 3*z + 1. Determine l(y).
3
Suppose -1 - 9 = -5*v. Suppose 15*z - v = 17*z. Let s be (-2)/(-4)*1*(5 + z). Let u(y) = 4*y. Determine u(s).
8
Let h(t) = -t + 1 + 5*t - 4*t**2 + 3*t**2. Let l(x) = -x**2 + 49. Let f be l(7). Suppose 10*y - 8*y - 8 = f. Determine h(y).
1
Let d = -18 - -15. Let j(k) be the third derivative of -1/24*k**4 + 0 + 0*k + 2/3*k**3 + 32*k**2. Determine j(d).
7
Let v = -830 + 803. Let r(n) = n**2 + 25*n - 65. What is r(v)?
-11
Let g(a) = 61*a - 488. Let c be g(8). Let p(q) be the first derivative of 3*q - 1/4*q**4 + 2/3*q**3 + c*q**2 + 12. What is p(3)?
-6
Let t be -4 + (2/(-2))/(-1). Suppose -29*n - 15 = -32*n. Let z(k) = 3 + k + n*k**2 + 12*k - 7*k**2 - 16*k. Calculate z(t).
-6
Let z(y) = 4 - 169*y + 343*y - 177*y. Let c(q) = q + 1. Suppose -5*n + 11 = -4*i, -3*i = -2*n - 5 + 15. Let j(g) = n*z(g) - 2*c(g). Determine j(5).
-1
Let z(q) = 2*q + 8. Let t be z(-4). Suppose -u - 54 = -66. Let w(j) = 5*j**2 + j + u - 1 - 5*j**2 - j**3. Determine w(t).
11
Let f = -42 - -70. Let s = 23 - f. Let d(i) = -2*i + 5*i + 3 - 4*i. Calculate d(s).
8
Let g(c) = -2*c + 0*c**2 - c**2 + 0*c**2. Let n(s) = -94 + 23*s - 71*s - 12*s + 3*s**2 - 76*s. Let t be n(46). Give g(t).
0
Suppose -360 = 31*i - 22*i. Let w(z) = 9*z + 362. Let j be w(i). Let a(x) = x**3 + x - 2. Calculate a(j).
8
Let u be (-7974)/(-66) + ((-20)/(-22))/5. Let d(t) = 2*t - 4*t + 119 - u. Give d(2).
-6
Let z(m) = -m + 6*m - 2*m**2 + 0*m - 6 + 3*m**2. Let w(k) be the second derivative of -5*k**3/6 - 8*k**2 - 30*k. Let v be w(-2). What is z(v)?
0
Let m(d) = 9*d - 15*d + 7*d - 9 - 2*d + 2*d. Give m(11).
2
Let b(w) = 11*w + 1. Suppose -4*i - 386 = -146. Let a = -52 - i. Let s(x) = -5*x + 41. Let t be s(a). Determine b(t).
12
Let c(m) be the second derivative of -m**7/2520 + m**6/60 + 29*m**4/4 + 24*m. Let j(f) be the third derivative of c(f). Determine j(12).
0
Suppose -27694*v + 27690*v = 20. Let t(k) = 2*k**3 + 9*k**2 - 8*k + 3. Determine t(v).
18
Let m(n) be the second derivative of -8*n**3/3 + 279*n**2/2 - 303*n. Determine m(18).
-9
Let s(f) = -f + 2. Let z(w) = -8*w - 1. Let q be z(1). Let d be (65/(-25) - -2)/((-10)/350). Let y be d/q - 3/(-9). Calculate s(y).
4
Let c(w) = -w**3 - 8*w**2 + 18*w - 15. Let t(a) = 5*a**3 + 31*a**2 - 72*a + 61. Let y(x) = -9*c(x) - 2*t(x). Calculate y(8).
-3
Let y(t) = t**3 - 2*t**2 + t - 5. Let b(g) = 5*g**3 + 4*g**2 + 12*g - 24. Let j(v) = -b(v) + 4*y(v). Calculate j(-11).
-29
Let x(u) = -u**3 + 4*u**2 - 6*u + 6. Let c(z) = -90 - 95 - 22*z + 144. Let r be c(-2). What is x(r)?
-3
Suppose 30*w = -6928 + 718. Let y = w - -211. Let n(s) = -s**3 + 4*s**2 + s. Determine n(y).
4
Suppose 0 = -804*n + 822*n - 36. Let c(y) be the second derivative of -9*y + 23/12*y**4 + 0 - 1/2*y**n + 1/3*y**3. Calculate c(1).
24
Let p(w) = -2*w**2 + 5*w + 3. Let t(d) = -d - 1. Let q(v) = -p(v) + 3*t(v). Let n be (-63)/(-42)*(-4)/(-1). What is q(n)?
18
Let s(a) = -6 + 118782*a - a**2 + 118801*a - 237568*a. Suppose 4*u + 5*t - 20 = -u, t = u - 8. Determine s(u).
48
Let z(j) = 12*j + 17. Suppose -49*s - 53*s + 114*s = -48. What is z(s)?
-31
Let p(z) be the second derivative of z**6/360 - 7*z**5/120 - z**4/4 + 2*z**3 + 3*z**2/2 - 7*z + 4. Let t(g) be the second derivative of p(g). Give t(6).
-12
Let p(a) = -a**2 - 15*a - 19. Suppose 5*n + 43 = -2*l, 22*l - 18*l + 4*n + 68 = 0. Determine p(l).
-5
Let p(a) = -a**3 - 9*a**2 + 11. Let f be p(-9). Let z = -15 + f. Let v(h) = -4*h + h**3 - 4 + 23*h + 3*h**2 - 12*h - 11*h. What is v(z)?
-4
Let y(p) be the first derivative of 2*p**3/3 - 21*p**2/2 - 32*p + 9266. Calculate y(13).
33
Let g(y) be the third derivative of 0*y + 2/3*y**3 - 7/24*y**4 - 1/60*y**5 - 6*y**2 + 0. Suppose -4*i = -2*z - 6*i - 10, -2*z - 5*i = 13. Give g(z).
16
Let b(l) be the third derivative of l**5/30 - l**4 - 7*l**3/6 + 2*l**2 - 608*l. Calculate b(11).
-29
Let z(a) be the second derivative of a**5/10 + 25*a**4/12 + 5*a**3/2 + 27*a**2/2 + 24*a + 5. Determine z(-12).
-9
Let y(x) = 5 + 2280*x**3 + 37 - 2281*x**3 + x**2 - x. What is y(0)?
42
Let x(n) = -2*n**3 + 8*n**2 + 3*n - 3. Let f be 5 + -1 + 0/(4 + -22). Calculate x(f).
9
Let y(w) = 56*w + 181. Let z(u) = -31*u - 91. Let x(m) = 6*y(m) + 11*z(m). What is x(19)?
-10
Let i(a) = 2*a**2 + 218*a - 2. Let x be i(-109). Let y(q) = -q**2 + 17*q + 39. Calculate y(x).
1
Let m(t) = 3*t + 2. Suppose -23 + 41 = 6*z. Suppose 7*w + 4*c = 2*w + 10, 0 = 2*w + z*c + 3. Determine m(w).
20
Let k(u) = -3*u**3 - 22*u**2 - 6*u + 10. Let l be k(-7). Let m(v) = -6 + 5 + l - 2*v**2 - 2*v**2 + v. What is m(-2)?
-16
Let z(y) = 4*y**3 - 26*y**2 + 13*y. Let x be z(6). Suppose -2*l + 3*t - x*t = 5, l + 25 = 3*t. Let o(g) = -g**3 - 11*g**2 - 8*g + 1. What is o(l)?
-19
Let k(w) be the first derivative of -w**2/2 - 47*w + 7989. Calculate k(-27).
-20
Let u be (-6)/(-9) - (-55)/(-33). Let t(i) be the first derivative of i**5/15 - i**4/24 + 17*i**3/3 + 17. Let m(h) be the third derivative of t(h). Give m(u).
-9
Let s(q) = 3*q - 36. Suppose a - 3*d - 8 = -6*d, 0 = 5*a + d - 138. Give s(a).
51
Let p(x) be the second derivative of -x**6/144 + x**5/40 - 73*x**4/6 - 17*x. Let r(f) be the third derivative of p(f). Calculate r(-6).
33
Suppose 42 + 132 = -6*p. Let g = p - -29. Suppose -4*n + 20 = g, 3 - 6 = 3*b - 3*n. Let i(a) = -a**2 + 3*a. Give i(b).
-4
Let s(m) = -m**3 + 4*m**2 + 25*m - 69. Let r be 20/(-8)*((-32)/5 + 4). What is s(r)?
9
Let v(z) = -2*z + 1. Suppose -9*p + 16 = -173. Suppose 3*h = p + 3. Calculate v(h).
-15
Let o(c) = 223*c**2 + 55 + 118*c**2 - 108 + 55 - 4*c - 231*c**2. Calculate o(1).
108
Let o(v) = -v**3 - 13*v**2 + 34*v + 44. Let x be o(-15). Let w(g) = 4*g + 62. Let c be w(x). Let h(f) = -2*f**2 + f + 1. Calculate h(c).
-9
Let q(k) = 10*k - 156. Let l be q(16). Suppose -l*d = -44 + 36. Let r(o) = 2*o**3 - o**2 - o + 1. Calculate r(d).
11
Let y(g) = 3*g**2 - 48*g - 59. Suppose 4*c + 55 = 3*p, 0 = -5*p + 3*c - 8*c + 80. What is y(p)?
-8
Let s be 36/2 + 6 + -25. Let k(g) = -g**3 - 2*g**2 + 2. Let h be k(-2). Let i(n) = 2*n + n**2 + 0*n**h + 1 + n**2 - 15*n**3. Calculate i(s).
16
Let x be (99/55)/((-15)/50). Let s(g) = -2*g**2 - 11*g + 16. Determine s(x).
10
Let m(d) = -73*d**2 - 38*d**2 + 112*d**2 + 5*d + 42 + 11*d. Give m(-12).
-6
Let g(w) = w**3 + 11*w**2 + 11*w + 9. Suppose -x - 2*v + 25 = 0, x + 125 = 6*x - 3*v. Suppose -5*s = -5*i + 75, 2*s = -s - i - x. What is g(s)?
-1
Let p(b) be the third derivative of -b**4/4 - b**3 - 6*b**2. Let t(m) = 5*m + 2. Let l(q) = -4*p(q) - 5*t(q). Determine l(16).
-2
Let m(p) = -7*p**2 - 25*p - 120. Let a(h) = 48*h**2 + 175*h + 825. Let n(b) = -6*a(b) - 41*m(b). Calculate n(-20).
70
Let y(f) = f**2 + f - 20. Suppose -2*o + r + 3 = 0, 84*r - 45 = -5*o + 79*r. Give y(o).
0
Suppose -5*k = -2*k - 6. Suppose 5*h - k*w = 31, 2*w - 13 = -5*h - 2*w. Let s(c) = -3 - h*c + 4 + c**2 + 5 - 3. What is s(5)?
3
Let c(g) be the third derivative of 2*g**5/15 + 73*g**4/24 + g**3/6 - 2585*g**2. Determine c(-9).
-8
Let k(v) be the third derivative of v**5/60 - v**4/8 + 7*v**3/3 + 7*v**2. Let x be k(0). Suppose -16*n - 2 = -x*n. Let g(h) = -4*h**2 - h - 1. Calculate g(n).
-4
Let k(w) be the second derivative of -7*w**3/2 + 299*w**2/2 + 2*w + 1192. Give k(14).
5
Let u(b) = 6*b**2 + b + 2. Suppose 5*m + 3*w = -2, -3*m + 2*w = -25 + 30. Give u(m).
7
Let p(c) = -727951*c + 363977*c - 78 + 363970*c. Give p(-19).
-2
Let y be (552/(-115))/((-1)/((-30)/69) + -2). Let n(z) = 8*z + 117. Determine n(y).
-11
Let w = -33 + 35. Let o(r) = -r**3 + r**2. Let g be o(w). Let t(q) be the third derivative of q**5/30 + 5*q**4/24 + q**3/2 + 17*q**2. What is 